{"id":83,"date":"2023-10-10T23:06:37","date_gmt":"2023-10-10T21:06:37","guid":{"rendered":"https:\/\/pro-darter.com\/news\/?page_id=83"},"modified":"2023-10-11T23:08:31","modified_gmt":"2023-10-11T21:08:31","slug":"condiciones-de-uso","status":"publish","type":"page","link":"http:\/\/pro-darter.com\/news\/condiciones-de-uso\/","title":{"rendered":"Condiciones de uso"},"content":{"rendered":"<p>Por favor, revise estos detalles detenidamente antes de utilizar este servicio.<\/p>\n<p>El acceso y el uso de este servicio dependen de su consentimiento y de su cumplimiento de estos t\u00e9rminos. Estos t\u00e9rminos se aplican a todos los visitantes, usuarios y cualquier persona que acceda o utilice este servicio.<\/p>\n<p>Al acceder o utilizar este servicio, usted acepta cumplir con estos t\u00e9rminos. Si no est\u00e1 de acuerdo con alguna parte de estos t\u00e9rminos, le recomendamos que deje de acceder a este servicio.<\/p>\n<p>Derechos de propiedad intelectual<br \/>\nEl servicio y su contenido original son propiedad intelectual de https:\/\/pro-darter.com\u00a0y el propietario con licencia de este servicio. Este servicio est\u00e1 protegido por derechos de autor, derechos de marca comercial y otras leyes en Islandia y otros pa\u00edses. El uso de nuestros derechos y logotipos no est\u00e1 permitido sin permiso de https:\/\/pro-darter.com.<\/p>\n<p>Enlaces a otros sitios web<br \/>\nNuestro servicio puede contener enlaces a sitios web o servicios de terceros que no est\u00e1n bajo el control o la propiedad de https:\/\/pro-darter.com.<\/p>\n<p>https:\/\/pro-darter.com\u00a0no tiene control sobre el contenido, la pol\u00edtica de privacidad o las pr\u00e1cticas de sitios web o servicios de terceros. Usted reconoce y acepta que https:\/\/pro-darter.com\u00a0no ser\u00e1 responsable de ninguna manera por da\u00f1os o p\u00e9rdidas que resulten o se relacionen con el contenido de productos o servicios disponibles a trav\u00e9s de dichos sitios web o servicios.<\/p>\n<p>Le recomendamos que revise los t\u00e9rminos y la pol\u00edtica de privacidad de los sitios web o servicios de terceros que visite.<\/p>\n<p>Finalizaci\u00f3n<br \/>\nPodemos finalizar o suspender su acceso a este servicio de inmediato, sin previo aviso ni responsabilidad por cualquier motivo, incluido, entre otros, el incumplimiento de los t\u00e9rminos.<\/p>\n<p>Al finalizar, debe dejar de usar este servicio de inmediato.<\/p>\n<p>Limitaci\u00f3n de responsabilidad<br \/>\nEn \u00faltima instancia, https:\/\/pro-darter.com, incluidos los directores, empleados, socios, agentes, proveedores o afiliados, no ser\u00e1n responsables por da\u00f1os indirectos o consecuentes de ninguna naturaleza, incluidas, entre otras, p\u00e9rdidas de ganancias, datos, uso o buena voluntad, ya sea por contrato o agravio (incluido el incumplimiento) o de otra manera, incluso si se ha advertido de la posibilidad de tales da\u00f1os.<\/p>\n<p>Uso bajo su propio riesgo<br \/>\nSu uso de este servicio es bajo su propio riesgo. Este servicio se proporciona \u00abtal cual\u00bb y \u00abseg\u00fan disponibilidad\u00bb. Este servicio se proporciona sin garant\u00edas, expresas o impl\u00edcitas, incluidas, entre otras, las garant\u00edas impl\u00edcitas de comerciabilidad, idoneidad para un prop\u00f3sito particular, no infracci\u00f3n o calidad comercial.<\/p>\n<p>https:\/\/pro-darter.com, incluidos los socios comerciales, no garantiza que (a) el servicio funcione sin interrupciones, sea seguro o est\u00e9 disponible en un momento o lugar particulares; (b) cualquier error o defecto se corrija; (c) el servicio est\u00e9 libre de virus o componentes da\u00f1inos; o (d) los resultados del uso del servicio cumplan con sus requisitos.<\/p>\n","protected":false},"excerpt":{"rendered":"<p>Por favor, revise estos detalles detenidamente antes de utilizar este servicio. El acceso y el uso de este servicio dependen de su consentimiento y de su cumplimiento de estos t\u00e9rminos. Estos t\u00e9rminos se aplican a todos los visitantes, usuarios y cualquier persona que acceda o utilice este servicio. Al acceder o utilizar este servicio, usted&#8230;<\/p>\n","protected":false},"author":1,"featured_media":0,"parent":0,"menu_order":0,"comment_status":"closed","ping_status":"closed","template":"","meta":{"footnotes":""},"yoast_head":"<!-- This site is optimized with the Yoast SEO plugin v21.3 - https:\/\/yoast.com\/wordpress\/plugins\/seo\/ -->\n<title>Condiciones de uso<\/title>\n<meta name=\"robots\" content=\"index, follow, max-snippet:-1, max-image-preview:large, max-video-preview:-1\" \/>\n<link rel=\"canonical\" href=\"http:\/\/pro-darter.com\/news\/condiciones-de-uso\/\" \/>\n<meta property=\"og:locale\" content=\"es_ES\" \/>\n<meta property=\"og:type\" content=\"article\" \/>\n<meta property=\"og:title\" content=\"Condiciones de uso\" \/>\n<meta property=\"og:description\" content=\"Por favor, revise estos detalles detenidamente antes de utilizar este servicio. El acceso y el uso de este servicio dependen de su consentimiento y de su cumplimiento de estos t\u00e9rminos. Estos t\u00e9rminos se aplican a todos los visitantes, usuarios y cualquier persona que acceda o utilice este servicio. Al acceder o utilizar este servicio, usted...\" \/>\n<meta property=\"og:url\" content=\"http:\/\/pro-darter.com\/news\/condiciones-de-uso\/\" \/>\n<meta property=\"og:site_name\" content=\"Pro Darter - News\" \/>\n<meta property=\"article:modified_time\" content=\"2023-10-11T21:08:31+00:00\" \/>\n<meta name=\"twitter:card\" content=\"summary_large_image\" \/>\n<meta name=\"twitter:label1\" content=\"Tiempo de lectura\" \/>\n\t<meta name=\"twitter:data1\" content=\"2 minutos\" \/>\n<script type=\"application\/ld+json\" class=\"yoast-schema-graph\">{\"@context\":\"https:\/\/schema.org\",\"@graph\":[{\"@type\":\"WebPage\",\"@id\":\"http:\/\/pro-darter.com\/news\/condiciones-de-uso\/\",\"url\":\"http:\/\/pro-darter.com\/news\/condiciones-de-uso\/\",\"name\":\"Condiciones de uso\",\"isPartOf\":{\"@id\":\"https:\/\/pro-darter.com\/news\/#website\"},\"datePublished\":\"2023-10-10T21:06:37+00:00\",\"dateModified\":\"2023-10-11T21:08:31+00:00\",\"breadcrumb\":{\"@id\":\"http:\/\/pro-darter.com\/news\/condiciones-de-uso\/#breadcrumb\"},\"inLanguage\":\"es\",\"potentialAction\":[{\"@type\":\"ReadAction\",\"target\":[\"http:\/\/pro-darter.com\/news\/condiciones-de-uso\/\"]}]},{\"@type\":\"BreadcrumbList\",\"@id\":\"http:\/\/pro-darter.com\/news\/condiciones-de-uso\/#breadcrumb\",\"itemListElement\":[{\"@type\":\"ListItem\",\"position\":1,\"name\":\"Home\",\"item\":\"https:\/\/pro-darter.com\/news\/\"},{\"@type\":\"ListItem\",\"position\":2,\"name\":\"Condiciones de uso\"}]},{\"@type\":\"WebSite\",\"@id\":\"https:\/\/pro-darter.com\/news\/#website\",\"url\":\"https:\/\/pro-darter.com\/news\/\",\"name\":\"Pro Darter - News\",\"description\":\"\",\"publisher\":{\"@id\":\"https:\/\/pro-darter.com\/news\/#organization\"},\"potentialAction\":[{\"@type\":\"SearchAction\",\"target\":{\"@type\":\"EntryPoint\",\"urlTemplate\":\"https:\/\/pro-darter.com\/news\/?s={search_term_string}\"},\"query-input\":\"required name=search_term_string\"}],\"inLanguage\":\"es\"},{\"@type\":\"Organization\",\"@id\":\"https:\/\/pro-darter.com\/news\/#organization\",\"name\":\"Pro Darter - News\",\"url\":\"https:\/\/pro-darter.com\/news\/\",\"logo\":{\"@type\":\"ImageObject\",\"inLanguage\":\"es\",\"@id\":\"https:\/\/pro-darter.com\/news\/#\/schema\/logo\/image\/\",\"url\":\"https:\/\/pro-darter.com\/news\/wp-content\/uploads\/2023\/10\/steel-soft.png\",\"contentUrl\":\"https:\/\/pro-darter.com\/news\/wp-content\/uploads\/2023\/10\/steel-soft.png\",\"width\":600,\"height\":375,\"caption\":\"Pro Darter - News\"},\"image\":{\"@id\":\"https:\/\/pro-darter.com\/news\/#\/schema\/logo\/image\/\"}}]}<\/script>\n<!-- \/ Yoast SEO plugin. -->","yoast_head_json":{"title":"Condiciones de uso","robots":{"index":"index","follow":"follow","max-snippet":"max-snippet:-1","max-image-preview":"max-image-preview:large","max-video-preview":"max-video-preview:-1"},"canonical":"http:\/\/pro-darter.com\/news\/condiciones-de-uso\/","og_locale":"es_ES","og_type":"article","og_title":"Condiciones de uso","og_description":"Por favor, revise estos detalles detenidamente antes de utilizar este servicio. El acceso y el uso de este servicio dependen de su consentimiento y de su cumplimiento de estos t\u00e9rminos. Estos t\u00e9rminos se aplican a todos los visitantes, usuarios y cualquier persona que acceda o utilice este servicio. Al acceder o utilizar este servicio, usted...","og_url":"http:\/\/pro-darter.com\/news\/condiciones-de-uso\/","og_site_name":"Pro Darter - News","article_modified_time":"2023-10-11T21:08:31+00:00","twitter_card":"summary_large_image","twitter_misc":{"Tiempo de lectura":"2 minutos"},"schema":{"@context":"https:\/\/schema.org","@graph":[{"@type":"WebPage","@id":"http:\/\/pro-darter.com\/news\/condiciones-de-uso\/","url":"http:\/\/pro-darter.com\/news\/condiciones-de-uso\/","name":"Condiciones de uso","isPartOf":{"@id":"https:\/\/pro-darter.com\/news\/#website"},"datePublished":"2023-10-10T21:06:37+00:00","dateModified":"2023-10-11T21:08:31+00:00","breadcrumb":{"@id":"http:\/\/pro-darter.com\/news\/condiciones-de-uso\/#breadcrumb"},"inLanguage":"es","potentialAction":[{"@type":"ReadAction","target":["http:\/\/pro-darter.com\/news\/condiciones-de-uso\/"]}]},{"@type":"BreadcrumbList","@id":"http:\/\/pro-darter.com\/news\/condiciones-de-uso\/#breadcrumb","itemListElement":[{"@type":"ListItem","position":1,"name":"Home","item":"https:\/\/pro-darter.com\/news\/"},{"@type":"ListItem","position":2,"name":"Condiciones de uso"}]},{"@type":"WebSite","@id":"https:\/\/pro-darter.com\/news\/#website","url":"https:\/\/pro-darter.com\/news\/","name":"Pro Darter - News","description":"","publisher":{"@id":"https:\/\/pro-darter.com\/news\/#organization"},"potentialAction":[{"@type":"SearchAction","target":{"@type":"EntryPoint","urlTemplate":"https:\/\/pro-darter.com\/news\/?s={search_term_string}"},"query-input":"required name=search_term_string"}],"inLanguage":"es"},{"@type":"Organization","@id":"https:\/\/pro-darter.com\/news\/#organization","name":"Pro Darter - News","url":"https:\/\/pro-darter.com\/news\/","logo":{"@type":"ImageObject","inLanguage":"es","@id":"https:\/\/pro-darter.com\/news\/#\/schema\/logo\/image\/","url":"https:\/\/pro-darter.com\/news\/wp-content\/uploads\/2023\/10\/steel-soft.png","contentUrl":"https:\/\/pro-darter.com\/news\/wp-content\/uploads\/2023\/10\/steel-soft.png","width":600,"height":375,"caption":"Pro Darter - News"},"image":{"@id":"https:\/\/pro-darter.com\/news\/#\/schema\/logo\/image\/"}}]}},"_links":{"self":[{"href":"https:\/\/pro-darter.com\/news\/wp-json\/wp\/v2\/pages\/83"}],"collection":[{"href":"https:\/\/pro-darter.com\/news\/wp-json\/wp\/v2\/pages"}],"about":[{"href":"https:\/\/pro-darter.com\/news\/wp-json\/wp\/v2\/types\/page"}],"author":[{"embeddable":true,"href":"https:\/\/pro-darter.com\/news\/wp-json\/wp\/v2\/users\/1"}],"replies":[{"embeddable":true,"href":"https:\/\/pro-darter.com\/news\/wp-json\/wp\/v2\/comments?post=83"}],"version-history":[{"count":1,"href":"https:\/\/pro-darter.com\/news\/wp-json\/wp\/v2\/pages\/83\/revisions"}],"predecessor-version":[{"id":84,"href":"https:\/\/pro-darter.com\/news\/wp-json\/wp\/v2\/pages\/83\/revisions\/84"}],"wp:attachment":[{"href":"https:\/\/pro-darter.com\/news\/wp-json\/wp\/v2\/media?parent=83"}],"curies":[{"name":"wp","href":"https:\/\/api.w.org\/{rel}","templated":true}]}}